- -4215. Calculate the greatest common factor of 332 and d.
83
Let y be (-31)/((-9)/144*2). Suppose -64 = -13*d + y. What is the highest common factor of 276 and d?
12
Suppose -4*l + 584 = -3*r - 147, 2*r + 4*l + 494 = 0. Let z = -226 - r. What is the greatest common factor of z and 152?
19
Suppose 272*z - 212*z = 36960. Calculate the highest common divisor of z and 56.
56
Let d(y) = -y**2 - 3*y + 3. Let f be d(-4). Let o(z) = 171*z**2 - z - 1. Let k be o(f). Let q = 30140 - 30121. What is the highest common factor of k and q?
19
Let q = 76 - 59. Let i = q + -17. Suppose 5*f - 2*k - 89 = -0*f, i = -f - 5*k + 34. What is the highest common factor of 38 and f?
19
Suppose -3*r + r + 1664 = 0. Suppose 418*c + 1989 = 6991 + 21750. What is the greatest common factor of c and r?
64
Let y(l) = 33*l**2 - 1212*l + 148. Let m be y(37). Calculate the highest common divisor of 2522 and m.
13
Suppose 0 = -7*x + 5869 + 2766 - 207. Calculate the highest common factor of x and 224.
28
Suppose -4*z = 5*r - 1729, -r + 181*z = 180*z - 344. What is the highest common divisor of 165 and r?
15
Suppose -4*a = -3*a + 5*o - 398, 433 = a - 2*o. Suppose -5*n + 393 = 2*q, -2*q = 2*n - 3*n - a. Calculate the highest common factor of q and 11.
11
Suppose y - 2*m + 261 - 455 = 0, 2*m + 10 = 0. Let n be 51 + 9/(-3) + -2. Calculate the highest common factor of n and y.
46
Suppose 0 = -3*i + 4*w + 25, 4*w = -i - w - 17. Let n be i*(10 + (2 - -1))*1. Suppose 0 = -2*x + 8*x - 234. What is the highest common divisor of x and n?
39
Let f(a) = -496*a + 3032. Let q be f(6). Suppose -4*g + 272 = -8. Calculate the greatest common factor of g and q.
14
Suppose -5*n - 6 = -31. Suppose -l + n = h - 9, l - 5*h - 32 = 0. Suppose 3179 = -2*f + 13*f. Calculate the greatest common divisor of l and f.
17
Let o(a) = -a**3 + 102*a**2 - 1303*a - 104. Let s be o(87). Calculate the highest common divisor of s and 6070.
10
Let v(j) = -118*j - 4690. Let p be v(-40). What is the greatest common factor of p and 86?
2
Let y = 66 + -78. Let l be (9/y)/(9/(-252)). Calculate the greatest common factor of l and 6.
3
Suppose -16*p + 0*p = -544. Let u = -260 + 1722. Calculate the greatest common divisor of p and u.
34
Let t(k) = -51*k + 20. Suppose 0 = -2*h + 4*n + 8, 12*h = 10*h + 3*n + 4. Let f be t(h). Calculate the highest common divisor of f and 7.
7
Suppose 17*v - 6975 = -14*v. What is the greatest common factor of 4350 and v?
75
Let s be ((-17)/4)/(1/(-8)). Let c = 11093 - 6469. Suppose 6*k + c = 23*k. What is the highest common divisor of s and k?
34
Let j(y) = -1562*y + 1592. Let s be j(-3). What is the highest common factor of 258 and s?
86
Let m = -417 + 321. Let c be 331/(-4) - (-3)/(-12). Let k = c - m. What is the greatest common divisor of k and 104?
13
Suppose 67*u = 123*u - 49*u - 630. What is the greatest common factor of 1250 and u?
10
Suppose -11*h - 7603 = -8252. Calculate the highest common divisor of 531 and h.
59
Let i be (-6 - 20/(-15))*(-18)/4. Let f = -44 - i. Let h = 86 + f. Calculate the greatest common factor of 231 and h.
21
Let p(t) = 31*t**2 + 41*t - 114. Let v be p(3). Calculate the greatest common divisor of 1332 and v.
36
Suppose -5*j + 1011 = -r, 0 = 2*j - 5*r + 6*r - 410. Let y = j + -169. Calculate the greatest common factor of y and 306.
34
Let x(a) = -a + 1. Let n(u) = 5*u. Let t(y) = -n(y) - 3*x(y). Let f = -4 + -3. Let k be t(f). Calculate the greatest common factor of k and 44.
11
Let w(y) = -2*y**2 + 138*y - 18. Let z be w(42). What is the greatest common divisor of 36 and z?
18
Let t = -554 - -864. Suppose -2104*f - 1789*f + 34313 + 931151 = 0. What is the highest common divisor of f and t?
62
Let p = -1351 - -2586. What is the greatest common factor of 5 and p?
5
Let q be (-12010)/(-6) + 7/28 + 2/24. Calculate the greatest common factor of 231 and q.
77
Let r be 18/((-39)/182*-7). Calculate the highest common divisor of r and 804.
12
Suppose -6178 = -36*m + 10202. What is the highest common factor of m and 182?
91
Suppose -r + 97 = c, 37 = -615*r + 612*r - 44*c. Suppose 85 = 2*z - 3*m + 4*m, -235 = -5*z + 2*m. What is the highest common factor of r and z?
15
Let o = -16 - -26. Suppose 4*n - 2*j - o + 48 = 0, -3*n - 9 = 5*j. Let z(w) = -w + 14. Let g be z(n). What is the greatest common divisor of 176 and g?
22
Suppose -2*a + 318 = 124. Suppose -3*h + a - 16 = 0. Let z = -6742 - -6850. What is the highest common divisor of h and z?
27
Let l(c) = 13*c**3 + 3*c**2 - 7*c + 3. Let u be l(1). What is the greatest common divisor of 30732 and u?
12
Suppose 233 = 3*c - 82. Suppose -15*x + c = -12*x. Calculate the highest common factor of x and 10.
5
Let m = -4646 + 4861. What is the greatest common divisor of 80 and m?
5
Let r(d) = -42*d**3 + 4*d**2 - 2*d + 4. Let u be r(-2). Let p = u + -344. What is the greatest common factor of p and 176?
16
Suppose -5*t + 756 = -t. Let y(j) = -j**3 - 5*j**2 + 4*j - 7. Let p be y(-6). Suppose p*c + 55 - 160 = 0. What is the highest common divisor of c and t?
21
Let j = 9204 - -27010. Calculate the greatest common factor of 38 and j.
38
Suppose 0 = -b + 153 - 141. Let d(q) = -q - 9. Let t be d(-4). Let i = t - -8. What is the highest common divisor of i and b?
3
Let q be 3*13/((-104)/(-8)). Calculate the greatest common factor of 339 and q.
3
Suppose -5*i = k + 1081, -5*k = -4*i - 3*k - 862. Let p = -182 - i. Calculate the highest common factor of p and 17.
17
Let j(t) = t**3 - 9*t - 5. Let g be j(-2). Suppose g*l + 3*w - 159 = 6*w, -72 = -2*l - 3*w. Calculate the greatest common divisor of l and 165.
33
Let t be (-8)/(-96)*219 + 4/(-16). Suppose 0 = -5*p - 3*l - 50, -5*l - 20 - 40 = 5*p. Let h = p + 13. What is the greatest common factor of h and t?
6
Let k be (9/12)/((-2)/(-8)). Let p(j) = 10*j - 3. Let u be p(4). Suppose -k*s - 4 = -u. Calculate the highest common factor of 143 and s.
11
Suppose -21*i = -14*i - 3*g - 90846, -64882 = -5*i + g. Calculate the greatest common divisor of 75 and i.
75
Suppose -92*m + 57993 = -318893 - 94154. Calculate the greatest common factor of 24 and m.
8
Let t(c) = c**2 + 13*c - 25. Suppose -2*d = 3*w + 33, 4*d + 3*w + 60 = -3. Let l be t(d). Calculate the greatest common divisor of l and 1.
1
Let a(x) = 378*x**3 + 34*x**2 - 34*x - 2. Let q be a(1). What is the highest common divisor of 141 and q?
47
Let l(d) be the third derivative of d**4/6 + 35*d**3/2 - 31*d**2. Let f be l(0). Let z be (9 + -2)/(2/6). What is the highest common factor of f and z?
21
Suppose 5*z = z - 4*u - 16, u + 6 = -2*z. Let l(y) = y + 2*y**3 - 2 - 5*y - 8*y**3 - y. Let v be l(z). Calculate the highest common factor of 7 and v.
7
Let x(o) = 353*o**2 - 760*o + 3742. Let r be x(5). What is the greatest common divisor of 22 and r?
11
Let l(g) = -9*g - 35. Let a be l(-8). Suppose 4*t - 383 = -i, -t + 57 + a = 2*i. Let f be -1 - (-4)/(8/18). Calculate the greatest common divisor of f and t.
8
Suppose -40*z = -5*k - 42*z + 47, -3*z = 4*k - 32. Let q(i) = 6*i**2 + 3*i + 2. Let v be q(4). What is the highest common divisor of k and v?
11
Let y be (63/(-252))/(2 + (-23)/12). Let s(n) = n**2 + 3*n + 0 + 3 + 0*n**2. Let u be s(y). What is the greatest common factor of u and 12?
3
Let f = 15489 + -7950. What is the highest common divisor of 21 and f?
21
Let i be (2 + 24/(-15))*15. Suppose -i*k = -3*k - 336. Let g = -206 + 220. Calculate the greatest common divisor of k and g.
14
Let f(u) = 10*u + 119. Let b be f(-12). Let s(v) = 26*v**2 + 3*v + 3. Let x be s(b). What is the greatest common divisor of 16 and x?
2
Suppose -2*y - f = 545, 0*y + y + 5*f = -295. Let u be (-108)/(-45)*y/(-12). What is the greatest common divisor of u and 36?
18
Let f = -66 + 71. Suppose r - 18 = -f*r. Let t be -2*(18/(-4) - r). What is the highest common factor of 6 and t?
3
Let q(m) be the second derivative of -m**4/6 + 8*m**3/3 - 27*m**2/2 + 109*m. Let d be q(5). What is the greatest common divisor of 105 and d?
3
Suppose 408601 - 99233 = 265*z - 278932. What is the greatest common factor of z and 660?
60
Let n(m) = m**3 + 38*m**2 - 21*m - 140. Let q be n(-38). Calculate the greatest common factor of 56 and q.
14
Let h(l) = l**3 - 35*l**2 + 38*l - 132. Let d be h(34). Let p = 50 - 38. What is the greatest common factor of d and p?
4
Let x be 6*(-25)/(-450)*